{"id":10,"date":"2011-04-25T13:34:53","date_gmt":"2011-04-25T11:34:53","guid":{"rendered":"http:\/\/b-logos.de\/?page_id=10"},"modified":"2011-04-25T13:53:10","modified_gmt":"2011-04-25T11:53:10","slug":"logbuch","status":"publish","type":"page","link":"https:\/\/b-logos.de\/?page_id=10","title":{"rendered":"Logbuch"},"content":{"rendered":"<p>Protokollbuch, in dem in der Seefahrt Ereignisse festgehalten werden. Namengebend f\u00fcr das Logbuch war ein Log, engl. f\u00fcr Holzscheit, welches der Geschwindigkeitsmessung diente. Dazu wurde dieses an einem Seil, an dem durch Knoten Abst\u00e4nde markiert waren, ins Wasser geworfen. Nach einer definierten Zeit wurde die Zahl der von einer Spindel abgelaufenen Knoten gemessen und ins Logbuch eingetragen.<\/p>\n","protected":false},"excerpt":{"rendered":"<p>Protokollbuch, in dem in der Seefahrt Ereignisse festgehalten werden. Namengebend f\u00fcr das Logbuch war ein Log, engl. f\u00fcr Holzscheit, welches der Geschwindigkeitsmessung diente. Dazu wurde dieses an einem Seil, an dem durch Knoten Abst\u00e4nde markiert waren, ins Wasser geworfen. Nach einer definierten Zeit wurde die Zahl der von einer Spindel abgelaufenen Knoten gemessen und ins &hellip; <a href=\"https:\/\/b-logos.de\/?page_id=10\" class=\"more-link\"><span class=\"screen-reader-text\">\u201eLogbuch\u201c<\/span> weiterlesen<\/a><\/p>\n","protected":false},"author":1,"featured_media":0,"parent":6,"menu_order":0,"comment_status":"open","ping_status":"open","template":"","meta":{"jetpack_post_was_ever_published":false,"footnotes":""},"class_list":["post-10","page","type-page","status-publish","hentry"],"jetpack_sharing_enabled":true,"jetpack_shortlink":"https:\/\/wp.me\/PahMNU-a","_links":{"self":[{"href":"https:\/\/b-logos.de\/index.php?rest_route=\/wp\/v2\/pages\/10","targetHints":{"allow":["GET"]}}],"collection":[{"href":"https:\/\/b-logos.de\/index.php?rest_route=\/wp\/v2\/pages"}],"about":[{"href":"https:\/\/b-logos.de\/index.php?rest_route=\/wp\/v2\/types\/page"}],"author":[{"embeddable":true,"href":"https:\/\/b-logos.de\/index.php?rest_route=\/wp\/v2\/users\/1"}],"replies":[{"embeddable":true,"href":"https:\/\/b-logos.de\/index.php?rest_route=%2Fwp%2Fv2%2Fcomments&post=10"}],"version-history":[{"count":3,"href":"https:\/\/b-logos.de\/index.php?rest_route=\/wp\/v2\/pages\/10\/revisions"}],"predecessor-version":[{"id":12,"href":"https:\/\/b-logos.de\/index.php?rest_route=\/wp\/v2\/pages\/10\/revisions\/12"}],"up":[{"embeddable":true,"href":"https:\/\/b-logos.de\/index.php?rest_route=\/wp\/v2\/pages\/6"}],"wp:attachment":[{"href":"https:\/\/b-logos.de\/index.php?rest_route=%2Fwp%2Fv2%2Fmedia&parent=10"}],"curies":[{"name":"wp","href":"https:\/\/api.w.org\/{rel}","templated":true}]}}